*2). Suppose 4*q + 2*a = -0*q + u, -3*q + 84 = -a. Calculate the highest common factor of 58 and q.
29
Let o = -115 + 121. What is the highest common divisor of 174 and o?
6
Suppose -w + 2 + 10 = 0. Suppose -v + 18 = -25. Suppose -v = -f - 25. Calculate the greatest common divisor of f and w.
6
Let l(s) = -11*s - 37. Let p be l(-4). Let t(r) = -5*r + 5. Let f be t(-6). Calculate the highest common divisor of f and p.
7
Suppose 0 = 2*h - 37 - 1. What is the highest common divisor of 209 and h?
19
Let y be (-12)/(-10) - (-81)/45. Let p(r) = r - 2. Let q be p(5). What is the greatest common factor of y and q?
3
Let x be 27/21 - 16/56. Let k be (2/(-1))/(-4 - -2). Let j = k - -3. What is the highest common divisor of x and j?
1
Let l(y) = 12*y**2 - 10*y - 31. Let g be l(6). What is the greatest common divisor of g and 11?
11
Let b(g) = -g**2 + 10*g - 17. Let y be b(7). Suppose v = -n + 29, 3*v - 4*v - y*n + 35 = 0. Calculate the greatest common factor of v and 36.
9
Suppose 12 = 3*o - 0. Let j be (-17 + 18)/(2/(-12)). Let t be (-66)/(-44)*(-16)/j. Calculate the highest common factor of t and o.
4
Let v be (-7 - -3) + 180/3. What is the highest common factor of 896 and v?
56
Let p(t) = t + 6. Let k be p(0). Let v(s) = -s + 12. Let o be v(k). What is the highest common divisor of 54 and o?
6
Suppose -t + 50 + 27 = 0. Let p = 118 + t. Suppose -7*y + 4*y + p = 0. Calculate the highest common divisor of 26 and y.
13
Suppose -4*a + 1265 + 1283 = 0. Calculate the highest common factor of a and 196.
49
Let p(d) = 7*d**2 - 37*d - 9. Let c be p(6). Suppose i = -2*z + c, 19 = 5*z + 3*i - 32. Calculate the highest common factor of 120 and z.
12
Suppose 2*g + 141 = 15. Let o = g - -95. Let z = 5 + -1. Calculate the greatest common divisor of o and z.
4
Let b(q) = 6*q + 18. Let z be b(-12). Let j be 2/(((-4)/z)/1). Calculate the greatest common divisor of 216 and j.
27
Suppose 3*t = 6, 2*t = 3*i + 2*i + 459. Let d be 2 + (-157 - 2/(-2)). Let m = i - d. Calculate the highest common factor of m and 7.
7
Let b be ((-70)/4 + -3)*-2. Let w be -8 + b - (0 + 1). Let d be w/16*5*1. Calculate the highest common factor of d and 10.
10
Let i = 20 - 12. Let d(w) = 4*w - 15 - i*w + w. Let n be d(-6). What is the highest common factor of 24 and n?
3
Let d(p) = -12*p + 63. Let j be d(4). Let v = 2 - -4. Calculate the highest common divisor of v and j.
3
Let j be (-4 - (-29 - 2))/(-1). Let b = -20 - j. Calculate the greatest common factor of b and 49.
7
Let j be (14 + -44)/(2/(-3)). Let z(a) = -2*a**3 + 2*a**2 - a + 270. Let q be z(0). Calculate the highest common divisor of j and q.
45
Suppose -21 = -m + 5*k, 5*k + 12 + 11 = 3*m. Let b be (m*-41)/(1/(-1)). Let h = b - -29. Calculate the highest common factor of h and 28.
14
Let h(p) = p**3 - 7*p**2 - 4*p + 10. Let a be h(10). Suppose 337 = 4*t + 5*l, 3*t + 0*l = 2*l + a. What is the highest common divisor of t and 22?
22
Let u be 39 - ((-21)/(-7)*-1 + 6). Calculate the greatest common divisor of u and 84.
12
Let s(r) be the third derivative of 13*r**5/10 + r**4/6 - 2*r**3/3 - 22*r**2. Let q be s(1). What is the highest common divisor of 13 and q?
13
Suppose 0*w = -2*w - c + 85, -15 = 3*c. Calculate the highest common divisor of w and 435.
15
Let s = 2 + 0. Let y be (-296)/20 + (-2)/10. Let r be (-10)/4*24/y. What is the highest common factor of s and r?
2
Let p = 10 + -4. Let r = 15 + -10. Suppose r*g = -5*m + 240, 144 = 3*m - 12*g + 8*g. What is the highest common divisor of p and m?
6
Let p be ((-54)/45)/(2/(-80)). Calculate the highest common factor of p and 108.
12
Let b(l) = l**2 - 22*l - 8. Let q be b(13). Let g = q + 174. What is the greatest common factor of g and 196?
49
Suppose 2*z - 28 = -3*g, 3*g + 42 = 2*z - g. Suppose 4*j - 10 = -2, 0 = 5*k - 4*j - 77. What is the greatest common factor of k and z?
17
Let a = 458 - 360. Calculate the highest common divisor of 21 and a.
7
Suppose -4*m - p - 22 + 132 = 0, -5*m + 130 = 5*p. Suppose 4*y = 3*g - 915 + 7, g - 320 = -3*y. Calculate the greatest common divisor of m and g.
28
Suppose -3*m + 4*m - 10 = 0. Let w be -1*(0 - 1)*-1 - -91. What is the greatest common divisor of m and w?
10
Let q be (1 - 489/(-5)) + (-62)/(-310). Calculate the highest common factor of q and 11.
11
Let u(i) = -2*i**2 - 64*i - 54. Let q be u(-31). Calculate the highest common factor of 132 and q.
4
Let a = 606 - 522. What is the highest common divisor of a and 4?
4
Suppose 0 = 4*c - 0*c - 308. Let y(q) = -4*q**2 - 2*q + 11. Let o be y(0). What is the highest common factor of o and c?
11
Let w(k) = 2*k**2 - 9*k + 6. Let i be w(4). Let q be ((-1154)/(-10) - -1) + i/(-5). What is the highest common divisor of q and 29?
29
Suppose -2*u - 5*u = -42. Calculate the highest common divisor of 564 and u.
6
Let u(q) = -3*q + 1. Let x be u(-6). Let d be 0 - (-1 + 1 - x). Let b(i) = 17*i**2 + 122*i - 74. Let c be b(-8). What is the highest common factor of d and c?
19
Suppose 0 = 7*n - 416 - 1999. Calculate the greatest common divisor of n and 138.
69
Suppose c + 4*h + h = -18, -3*c + 18 = -3*h. Suppose -i - 9 = -10. Calculate the greatest common factor of c and i.
1
Let g be 4 - 2 - (-6 - -9). Let m be 1*(0 - -3) - g. Suppose -m*n - x + 196 = 0, 244 = 2*n + 3*n + x. Calculate the greatest common divisor of n and 24.
24
Let o(a) = 42*a + 202. Let l be o(-3). What is the highest common factor of 4 and l?
4
Let t be (-37890)/(-28) - (-759)/(-3542). Calculate the greatest common divisor of 99 and t.
33
Suppose 0 = -3*f + 15, 5*q + 10*f - 13*f = 95. Calculate the greatest common divisor of 473 and q.
11
Suppose 21*h - 16*h - 20 = 0. Let c(x) = 4*x + 2. Let j be c(h). What is the greatest common divisor of 6 and j?
6
Let i be (-2 - -12)*1113/14. What is the greatest common factor of i and 30?
15
Suppose 2*z + 6 = 12. Suppose z*t = 41 + 37. What is the highest common factor of t and 26?
26
Let n be (2/(-4))/((-2)/508). Suppose -n - 313 = -4*w. Suppose -3*o + 2*j = 2*o - 48, -3*o + 35 = 5*j. What is the greatest common divisor of w and o?
10
Let c = 32 + -20. Suppose 3*l + h = -374, 4*l = 2*l - 4*h - 236. Let r be (-2)/(-4) - l/c. Calculate the highest common divisor of 1 and r.
1
Let w = -26 - -31. Suppose 0 = -4*c + 2*c - 4*p - 16, -w*c + 15 = -p. Calculate the highest common factor of 14 and c.
2
Let k(q) = -q**3 - 3*q**2 + 5*q + 8. Let h(t) = -8*t - 5. Let u be h(0). Let m be k(u). Calculate the highest common factor of m and 264.
33
Let i(n) = 60*n. Let v be i(-1). Let f = 95 + v. Let x be (-15)/9*(-3)/6*6. Calculate the highest common divisor of f and x.
5
Suppose 0 = -3*d + 13 - 4. Let c(u) = -9*u + 444. Let p be c(49). Calculate the greatest common factor of p and d.
3
Let b be ((1 - 2) + 2)*231. Suppose 7*f - 4*f = b. Suppose -2*c + 2*i + 16 = 0, 5*c - i = -5*i + 31. Calculate the greatest common factor of f and c.
7
Suppose j - 156 + 415 = 3*o, -16 = 4*j. What is the highest common factor of o and 5?
5
Suppose 24*w - 3686 = -1238. Suppose 0 = -g + 2 + 4. What is the highest common divisor of g and w?
6
Let i be 20916/(-415)*(-25)/2. What is the greatest common divisor of 70 and i?
70
Let j = 66 - -105. What is the highest common divisor of j and 36?
9
Let l(p) = -p**2. Let g be l(2). Let c be 7 + (-2 - g) + -1. Let s be (-10)/(-55)*(19 - -3). Calculate the greatest common divisor of s and c.
4
Let j be (-24)/(-30) + 6/5. Suppose -j*i - 72 = -3*i. Let b(n) = -n**3 + n + 8. Let k be b(0). What is the highest common divisor of k and i?
8
Let d = -55 - -58. Suppose 4*g - 5*n - 84 = -n, -d*g - 2*n + 53 = 0. Calculate the greatest common factor of 38 and g.
19
Suppose 0*a = -a - 4*a. Suppose 5*q = -b + 116, a = -4*b - b + q + 450. Calculate the greatest common divisor of b and 13.
13
Let v = -190 + 518. Calculate the greatest common divisor of 82 and v.
82
Suppose 3*r = -2*r + 135. Let u be 250 + ((-56)/12)/(18/27). What is the highest common factor of r and u?
27
Suppose 0 = d + 3 - 11. Let r be ((-44)/(-154))/(2/56). Calculate the highest common factor of r and d.
8
Suppose -2*t - 38*i + 35*i = -528, 5*t = i + 1354. Calculate the greatest common divisor of t and 40.
10
Let o(k) be the first derivative of -29*k**2/2 + 9*k - 4. Let w be o(-5). Let a be ((-42)/9 + 0)*-3. Calculate the greatest common divisor